{"id":193,"date":"2023-03-10T14:08:50","date_gmt":"2023-03-10T14:08:50","guid":{"rendered":"https:\/\/www.waldbaden-einfachsein.ch\/?page_id=193"},"modified":"2023-11-05T18:40:26","modified_gmt":"2023-11-05T18:40:26","slug":"ueber-mich","status":"publish","type":"page","link":"https:\/\/www.waldbaden-einfachsein.ch\/?page_id=193","title":{"rendered":"\u00dcber mich"},"content":{"rendered":"<p style=\"text-align: center;\"><span style=\"color: #008000;\"><a href=\"https:\/\/www.waldbaden-einfachsein.ch\/wp-content\/uploads\/2023\/04\/IMG_9024.jpg\"><img loading=\"lazy\" decoding=\"async\" class=\"alignnone size-large wp-image-384\" src=\"https:\/\/www.waldbaden-einfachsein.ch\/wp-content\/uploads\/2023\/04\/IMG_9024-768x1024.jpg\" alt=\"\" width=\"580\" height=\"773\" srcset=\"https:\/\/www.waldbaden-einfachsein.ch\/wp-content\/uploads\/2023\/04\/IMG_9024-768x1024.jpg 768w, https:\/\/www.waldbaden-einfachsein.ch\/wp-content\/uploads\/2023\/04\/IMG_9024-225x300.jpg 225w, https:\/\/www.waldbaden-einfachsein.ch\/wp-content\/uploads\/2023\/04\/IMG_9024-1152x1536.jpg 1152w, https:\/\/www.waldbaden-einfachsein.ch\/wp-content\/uploads\/2023\/04\/IMG_9024-1200x1600.jpg 1200w, https:\/\/www.waldbaden-einfachsein.ch\/wp-content\/uploads\/2023\/04\/IMG_9024.jpg 1512w\" sizes=\"auto, (max-width: 580px) 100vw, 580px\" \/><\/a><br \/>\n<em>Wer sich mit der Natur besch\u00e4ftigt,<br \/>\nversteht auch alles andere besser<br \/>\n(Albert Einstein)<\/em><\/span><\/p>\n<p><span style=\"color: #008000;\">Aufgewachsen auf einem Bauernhof, lernte ich schon in fr\u00fchster Kindheit mit der Natur und ihrer Vielfalt zu leben, auf sie zu achten und sie zu sch\u00e4tzen.<br \/>\nHeute darf ich den Wald auf verschiedene Arten erleben.<br \/>\nZum Beispiel mit Waldbaden oder herrlichen Ausritten.<br \/>\nEs ist mir ein pers\u00f6nliches Bed\u00fcrfnis, mich im Wald zu bewegen und mich darin aufzuhalten.<br \/>\nWaldarbeit im eigenen Wald, erf\u00fcllt mich mit Freude und Zufriedenheit.<br \/>\nDabei gilt es Zusammenh\u00e4nge zu respektieren und zu verstehen.<\/span><\/p>\n<p><span style=\"color: #008000;\">Ich habe gelernt, dass wir Teil der Natur sind.<\/span><br \/>\n<span style=\"color: #008000;\">Deshalb bin ich \u00fcberzeugt, dass die Natur, insbesondere der Wald mit seiner Kraft und Sch\u00f6nheit den Menschen st\u00e4rkt. Gesundheit f\u00f6rdert, die Resilienz erh\u00f6ht und es von<\/span> <span style=\"color: #008000;\">h\u00f6chstem Wert ist, mit diesem wunderbaren Lebensraum in tiefer Verbindung zu sein.<\/span><\/p>\n<p><span style=\"color: #008000;\">Seit \u00fcber 40 Jahren bin ich in der Langzeitpflege t\u00e4tig.<\/span><br \/>\n<span style=\"color: #008000;\">In dieser Zeit durfte ich viele Menschen mit all ihren verschiedenen Facetten, die zu einem Leben geh\u00f6ren,<br \/>\n<\/span><span style=\"color: #008000;\"> kennen lernen und sie ein St\u00fcck ihres Weges begleiten.<br \/>\nDie Lebensgeschichten dieser Menschen sind immer wieder ber\u00fchrend und zeugen von reichen Erfahrungen.<br \/>\nMenschen haben mich schon immer interessiert und Begegnungen sind wohlwollend und wertsch\u00e4tzend.<br \/>\nDie Natur ist mir ebenfalls sehr wichtig. In der Natur f\u00fchle ich mich frei und bin von ihr fasziniert. Sie versetzt mich immer wieder ins Staunen und l\u00e4sst mich eine gewisse Demut sp\u00fcren.\u00a0<\/span><\/p>\n<p><span style=\"color: #008000;\"><img loading=\"lazy\" decoding=\"async\" class=\"alignnone size-full wp-image-195\" src=\"https:\/\/www.waldbaden-einfachsein.ch\/wp-content\/uploads\/2023\/03\/Portrait-Elli-groesser-Kopie.jpg\" alt=\"\" width=\"281\" height=\"290\" \/><\/span><\/p>\n<p><span style=\"color: #008000;\">Mit der Ausbildung zur Shinrin Yoku Gesundheitstrainerin<\/span><br \/>\n<span style=\"color: #008000;\">an der Waldbaden-Akademie Schweiz habe ich in diesem Bereich ein fundiertes Wissen erhalten.<br \/>\nIch durfte mich auf einen interessanten und intensiven Weg aufmachen, der mich sehr bereichert.<\/span><\/p>\n","protected":false},"excerpt":{"rendered":"<p>Wer sich mit der Natur besch\u00e4ftigt, versteht auch alles andere besser (Albert Einstein) Aufgewachsen auf einem Bauernhof, lernte ich schon in fr\u00fchster Kindheit mit der Natur und ihrer Vielfalt zu leben, auf sie zu achten und sie zu sch\u00e4tzen. Heute darf ich den Wald auf verschiedene Arten erleben. Zum Beispiel mit Waldbaden oder herrlichen Ausritten. [&hellip;]<\/p>\n","protected":false},"author":1,"featured_media":0,"parent":0,"menu_order":0,"comment_status":"closed","ping_status":"closed","template":"","meta":{"footnotes":""},"class_list":["post-193","page","type-page","status-publish","hentry"],"_links":{"self":[{"href":"https:\/\/www.waldbaden-einfachsein.ch\/index.php?rest_route=\/wp\/v2\/pages\/193","targetHints":{"allow":["GET"]}}],"collection":[{"href":"https:\/\/www.waldbaden-einfachsein.ch\/index.php?rest_route=\/wp\/v2\/pages"}],"about":[{"href":"https:\/\/www.waldbaden-einfachsein.ch\/index.php?rest_route=\/wp\/v2\/types\/page"}],"author":[{"embeddable":true,"href":"https:\/\/www.waldbaden-einfachsein.ch\/index.php?rest_route=\/wp\/v2\/users\/1"}],"replies":[{"embeddable":true,"href":"https:\/\/www.waldbaden-einfachsein.ch\/index.php?rest_route=%2Fwp%2Fv2%2Fcomments&post=193"}],"version-history":[{"count":32,"href":"https:\/\/www.waldbaden-einfachsein.ch\/index.php?rest_route=\/wp\/v2\/pages\/193\/revisions"}],"predecessor-version":[{"id":527,"href":"https:\/\/www.waldbaden-einfachsein.ch\/index.php?rest_route=\/wp\/v2\/pages\/193\/revisions\/527"}],"wp:attachment":[{"href":"https:\/\/www.waldbaden-einfachsein.ch\/index.php?rest_route=%2Fwp%2Fv2%2Fmedia&parent=193"}],"curies":[{"name":"wp","href":"https:\/\/api.w.org\/{rel}","templated":true}]}}

Über mich

<p style="text-align: center;"><span style="color: #008000;"><a href="https://www.waldbaden-einfachsein.ch/wp-content/uploads/2023/04/IMG_9024.jpg"><img loading="lazy" decoding="async" class="alignnone size-large wp-image-384" src="https://www.waldbaden-einfachsein.ch/wp-content/uploads/2023/04/IMG_9024-768x1024.jpg" alt="" width="580" height="773" srcset="https://www.waldbaden-einfachsein.ch/wp-content/uploads/2023/04/IMG_9024-768x1024.jpg 768w, https://www.waldbaden-einfachsein.ch/wp-content/uploads/2023/04/IMG_9024-225x300.jpg 225w, https://www.waldbaden-einfachsein.ch/wp-content/uploads/2023/04/IMG_9024-1152x1536.jpg 1152w, https://www.waldbaden-einfachsein.ch/wp-content/uploads/2023/04/IMG_9024-1200x1600.jpg 1200w, https://www.waldbaden-einfachsein.ch/wp-content/uploads/2023/04/IMG_9024.jpg 1512w" sizes="auto, (max-width: 580px) 100vw, 580px" /></a><br />
<em>Wer sich mit der Natur beschäftigt,<br />
versteht auch alles andere besser<br />
(Albert Einstein)</em></span></p>
<p><span style="color: #008000;">Aufgewachsen auf einem Bauernhof, lernte ich schon in frühster Kindheit mit der Natur und ihrer Vielfalt zu leben, auf sie zu achten und sie zu schätzen.<br />
Heute darf ich den Wald auf verschiedene Arten erleben.<br />
Zum Beispiel mit Waldbaden oder herrlichen Ausritten.<br />
Es ist mir ein persönliches Bedürfnis, mich im Wald zu bewegen und mich darin aufzuhalten.<br />
Waldarbeit im eigenen Wald, erfüllt mich mit Freude und Zufriedenheit.<br />
Dabei gilt es Zusammenhänge zu respektieren und zu verstehen.</span></p>
<p><span style="color: #008000;">Ich habe gelernt, dass wir Teil der Natur sind.</span><br />
<span style="color: #008000;">Deshalb bin ich überzeugt, dass die Natur, insbesondere der Wald mit seiner Kraft und Schönheit den Menschen stärkt. Gesundheit fördert, die Resilienz erhöht und es von</span> <span style="color: #008000;">höchstem Wert ist, mit diesem wunderbaren Lebensraum in tiefer Verbindung zu sein.</span></p>
<p><span style="color: #008000;">Seit über 40 Jahren bin ich in der Langzeitpflege tätig.</span><br />
<span style="color: #008000;">In dieser Zeit durfte ich viele Menschen mit all ihren verschiedenen Facetten, die zu einem Leben gehören,<br />
</span><span style="color: #008000;"> kennen lernen und sie ein Stück ihres Weges begleiten.<br />
Die Lebensgeschichten dieser Menschen sind immer wieder berührend und zeugen von reichen Erfahrungen.<br />
Menschen haben mich schon immer interessiert und Begegnungen sind wohlwollend und wertschätzend.<br />
Die Natur ist mir ebenfalls sehr wichtig. In der Natur fühle ich mich frei und bin von ihr fasziniert. Sie versetzt mich immer wieder ins Staunen und lässt mich eine gewisse Demut spüren. </span></p>
<p><span style="color: #008000;"><img loading="lazy" decoding="async" class="alignnone size-full wp-image-195" src="https://www.waldbaden-einfachsein.ch/wp-content/uploads/2023/03/Portrait-Elli-groesser-Kopie.jpg" alt="" width="281" height="290" /></span></p>
<p><span style="color: #008000;">Mit der Ausbildung zur Shinrin Yoku Gesundheitstrainerin</span><br />
<span style="color: #008000;">an der Waldbaden-Akademie Schweiz habe ich in diesem Bereich ein fundiertes Wissen erhalten.<br />
Ich durfte mich auf einen interessanten und intensiven Weg aufmachen, der mich sehr bereichert.</span></p>

<p>Wer sich mit der Natur beschäftigt, versteht auch alles andere besser (Albert Einstein) Aufgewachsen auf einem Bauernhof, lernte ich schon in frühster Kindheit mit der Natur und ihrer Vielfalt zu leben, auf sie zu achten und sie zu schätzen. Heute darf ich den Wald auf verschiedene Arten erleben. Zum Beispiel mit Waldbaden oder herrlichen Ausritten. [&hellip;]</p>
