{"id":209,"date":"2023-03-13T19:45:37","date_gmt":"2023-03-13T19:45:37","guid":{"rendered":"https:\/\/www.waldbaden-einfachsein.ch\/?page_id=209"},"modified":"2025-02-16T05:19:20","modified_gmt":"2025-02-16T05:19:20","slug":"waldbaden-kurz-erklaert","status":"publish","type":"page","link":"https:\/\/www.waldbaden-einfachsein.ch\/?page_id=209","title":{"rendered":"Waldbaden kurz erkl\u00e4rt"},"content":{"rendered":"<p style=\"text-align: center;\"><span style=\"color: #008000;\"><img loading=\"lazy\" decoding=\"async\" class=\"alignnone size-full wp-image-339\" src=\"https:\/\/www.waldbaden-einfachsein.ch\/wp-content\/uploads\/2023\/03\/Buschwindroeschen-e1679669940200.jpg\" alt=\"\" width=\"640\" height=\"480\" srcset=\"https:\/\/www.waldbaden-einfachsein.ch\/wp-content\/uploads\/2023\/03\/Buschwindroeschen-e1679669940200.jpg 640w, https:\/\/www.waldbaden-einfachsein.ch\/wp-content\/uploads\/2023\/03\/Buschwindroeschen-e1679669940200-300x225.jpg 300w\" sizes=\"auto, (max-width: 640px) 100vw, 640px\" \/><em><strong>Gesundheit ist der\u00a0<\/strong><\/em><\/span><em><strong><span style=\"color: #008000;\">Sonnenschein der Seele<\/span><\/strong><\/em><\/p>\n<p><span style=\"color: #008000;\">Shinrin Yoku\u00a0ist der japanische Ausdruck f\u00fcr Waldbaden.<\/span><span style=\"color: #008000;\"><br \/>\nDie vielen Erkrankungen die Japan in den\u00a0<\/span><span style=\"color: #008000;\">70er Jahren in Folge von Stress und \u00dcberlastung verzeichnete, waren dramatisch. Die schnelle Technisierung, der steigende\u00a0Druck und die schlechten Arbeitsbedingungen hatten ihren Preis.\u00a0Japan musste handeln.<br \/>\nAnfang der 80er Jahre wurde Shinrin Yoku von dem Ministerium f\u00fcr Gesundheit und dem Ministerium f\u00fcr Forst und<br \/>\nFischerei entwickelt.<br \/>\n<\/span><br \/>\n<span style=\"color: #008000;\">Shinrin Yoku Waldbaden ist eine erprobte und anerkannte ganzheitliche Entspannungsmethode, die auf der<br \/>\n<\/span><span style=\"color: #008000;\"> Achtsamkeit basiert.<\/span><br \/>\n<span style=\"color: #008000;\">Heute weiss man um die positive und gesundheitsf\u00f6rdernde Wirkung f\u00fcr unseren K\u00f6rper und Geist.<\/span><br \/>\n<span style=\"color: #008000;\">Man erkannte, dass der Wald mit all seinen wunderbaren Eigenschaften eine entspannende und wohltuende Wirkung<br \/>\n<\/span><span style=\"color: #008000;\">auf den Menschen hat.<\/span><\/p>\n<p><span style=\"color: #008000;\">Bei Symptome \u00a0wie:<\/span><br \/>\n<strong><span style=\"color: #008000;\">Bluthochdruck<\/span><\/strong><br \/>\n<strong><span style=\"color: #008000;\">Kopfschmerzen<\/span><\/strong><br \/>\n<strong><span style=\"color: #008000;\">Verspannungen<\/span><\/strong><br \/>\n<strong><span style=\"color: #008000;\">Nervosit\u00e4t<\/span><\/strong><br \/>\n<strong><span style=\"color: #008000;\">Stress<\/span><\/strong><br \/>\n<strong><span style=\"color: #008000;\">Schlafst\u00f6rungen<\/span><\/strong><br \/>\n<strong><span style=\"color: #008000;\">Herz und Kreislauferkrankungen<\/span><\/strong><br \/>\n<span style=\"color: #008000;\">kann Waldbaden, einen positiven Wirkung haben.<\/span><br \/>\n<span style=\"color: #008000;\">Es f\u00f6rdert:<\/span><br \/>\n<strong><span style=\"color: #008000;\">die Konzentration<\/span><\/strong><br \/>\n<strong><span style=\"color: #008000;\">die Energie<\/span><\/strong><br \/>\n<strong><span style=\"color: #008000;\">die Schlafqualit\u00e4t<br \/>\ndas Immunsystem<br \/>\n<\/span><\/strong><span style=\"color: #008000;\"><strong>das allgemeine Wohlbefinden<\/strong><\/span><\/p>\n<p><span style=\"color: #008000;\">Verschiedene wissenschaftliche Studien belegen die Wirksamkeit des Waldbadens.<\/span><\/p>\n<p><span style=\"color: #008000;\"><strong>Was erwartet dich beim Waldbaden?<br \/>\n<\/strong>Unter Anleitung werden deine verschiedenen Sinne aktiviert, die dir helfen, dich und deine Umgebung bewusst wahr zu nehmen. Wir d\u00fcrfen mit der Natur in eine tiefe Verbindung treten. Das hilft uns den n\u00f6tigen Abstand zum Alltag zu<\/span> <span style=\"color: #008000;\">erlangen.<\/span><br \/>\n<span style=\"color: #008000;\">\u00dcber verschiedene Achtsamkeits-Einladungen wird deine innere Balance und Entspannung gef\u00f6rdert.<br \/>\nEs ist Naturerlebnis pur.<br \/>\nF\u00fcr Waldbaden braucht es keine Vorkenntnisse.<\/span><\/p>\n<p><span style=\"color: #008000;\">Wir bewegen uns sehr langsam und respektvoll im Wald.<br \/>\nWir achten auf Flora und Fauna und auch auf uns.<\/span><\/p>\n<p><span style=\"color: #008000;\">Waldbaden eignet sich f\u00fcr alle Alters und Fitnessklassen.<\/span><\/p>\n<p><span style=\"color: #008000;\">M\u00f6chtest du dir etwas g\u00f6nnen, das dich ins Staunen versetzt<\/span>,<br \/>\n<span style=\"color: #008000;\">dich entspannt und dein Wohlbefinden f\u00f6rdert?<\/span><\/p>\n<p style=\"text-align: center;\"><span style=\"color: #008000;\">Habe ich dein Interesse geweckt?<br \/>\nMeine Schnupperkurse sind bestens daf\u00fcr geeignet,<br \/>\nShinrin Yoku Waldbaden kennen zu lernen.<br \/>\nHast du Fragen?<br \/>\nGerne nehme ich mir Zeit f\u00fcr dich.<br \/>\n<a href=\"https:\/\/www.waldbaden-einfachsein.ch\/wp-content\/uploads\/2023\/05\/P1060399-waldbaden-korrigiert.jpg\"><img loading=\"lazy\" decoding=\"async\" class=\"alignnone size-medium wp-image-492\" src=\"https:\/\/www.waldbaden-einfachsein.ch\/wp-content\/uploads\/2023\/05\/P1060399-waldbaden-korrigiert-300x180.jpg\" alt=\"\" width=\"300\" height=\"180\" srcset=\"https:\/\/www.waldbaden-einfachsein.ch\/wp-content\/uploads\/2023\/05\/P1060399-waldbaden-korrigiert-300x180.jpg 300w, https:\/\/www.waldbaden-einfachsein.ch\/wp-content\/uploads\/2023\/05\/P1060399-waldbaden-korrigiert.jpg 320w\" sizes=\"auto, (max-width: 300px) 100vw, 300px\" \/><\/a><\/span><a href=\"https:\/\/www.waldbaden-einfachsein.ch\/wp-content\/uploads\/2023\/05\/logo-nobackground-200.png\"><img loading=\"lazy\" decoding=\"async\" class=\"size-thumbnail wp-image-434 aligncenter\" src=\"https:\/\/www.waldbaden-einfachsein.ch\/wp-content\/uploads\/2023\/05\/logo-nobackground-200-150x150.png\" alt=\"\" width=\"150\" height=\"150\" srcset=\"https:\/\/www.waldbaden-einfachsein.ch\/wp-content\/uploads\/2023\/05\/logo-nobackground-200-150x150.png 150w, https:\/\/www.waldbaden-einfachsein.ch\/wp-content\/uploads\/2023\/05\/logo-nobackground-200.png 200w\" sizes=\"auto, (max-width: 150px) 100vw, 150px\" \/><\/a><span style=\"color: #008000;\">E-Mail:<a href=\"mailto:info@waldbaden-einfachsein.ch\">info@waldbaden-einfachsein.ch<\/a><\/span><br \/>\n<span style=\"color: #008000;\"><a href=\"http:\/\/Waldbaden-einfachsein.ch\">waldbaden-einfachsein.ch<\/a><br \/>\n<\/span><span style=\"color: #008000;\">Tel: 079 382 31 59<\/span><br \/>\n<span style=\"color: #008000;\">Elli Schmuki, L\u00e4ngfeldstrasse 32, 3063 Ittigen<\/span><\/p>\n<p>&nbsp;<\/p>\n","protected":false},"excerpt":{"rendered":"<p>Gesundheit ist der\u00a0Sonnenschein der Seele Shinrin Yoku\u00a0ist der japanische Ausdruck f\u00fcr Waldbaden. Die vielen Erkrankungen die Japan in den\u00a070er Jahren in Folge von Stress und \u00dcberlastung verzeichnete, waren dramatisch. Die schnelle Technisierung, der steigende\u00a0Druck und die schlechten Arbeitsbedingungen hatten ihren Preis.\u00a0Japan musste handeln. Anfang der 80er Jahre wurde Shinrin Yoku von dem Ministerium f\u00fcr Gesundheit [&hellip;]<\/p>\n","protected":false},"author":1,"featured_media":0,"parent":0,"menu_order":0,"comment_status":"closed","ping_status":"closed","template":"","meta":{"footnotes":""},"class_list":["post-209","page","type-page","status-publish","hentry"],"_links":{"self":[{"href":"https:\/\/www.waldbaden-einfachsein.ch\/index.php?rest_route=\/wp\/v2\/pages\/209","targetHints":{"allow":["GET"]}}],"collection":[{"href":"https:\/\/www.waldbaden-einfachsein.ch\/index.php?rest_route=\/wp\/v2\/pages"}],"about":[{"href":"https:\/\/www.waldbaden-einfachsein.ch\/index.php?rest_route=\/wp\/v2\/types\/page"}],"author":[{"embeddable":true,"href":"https:\/\/www.waldbaden-einfachsein.ch\/index.php?rest_route=\/wp\/v2\/users\/1"}],"replies":[{"embeddable":true,"href":"https:\/\/www.waldbaden-einfachsein.ch\/index.php?rest_route=%2Fwp%2Fv2%2Fcomments&post=209"}],"version-history":[{"count":78,"href":"https:\/\/www.waldbaden-einfachsein.ch\/index.php?rest_route=\/wp\/v2\/pages\/209\/revisions"}],"predecessor-version":[{"id":598,"href":"https:\/\/www.waldbaden-einfachsein.ch\/index.php?rest_route=\/wp\/v2\/pages\/209\/revisions\/598"}],"wp:attachment":[{"href":"https:\/\/www.waldbaden-einfachsein.ch\/index.php?rest_route=%2Fwp%2Fv2%2Fmedia&parent=209"}],"curies":[{"name":"wp","href":"https:\/\/api.w.org\/{rel}","templated":true}]}}